j = g + g - 86, h*g + 2*j = 154. Suppose 0 = 5*f - 3*f - g. What is the tens digit of f?
2
Let c be 2/11 + 186/66. Suppose -c*d - 5 + 2 = 3*a, 4 = 2*d. What is the tens digit of (33 - a) + 0 + 1?
3
Suppose -4*b = -12*b + 88. Suppose -16 + b = -z. Suppose 2 - 27 = -z*i. What is the units digit of i?
5
Suppose -6 = 4*r + 2. What is the units digit of r/3 + (-568)/(-24)?
3
What is the units digit of -507*(-3)/(-6)*4/(-6)?
9
Suppose -5*v - 750 = -4*h - 2676, 3*v - 962 = 2*h. What is the units digit of 0 - h/16 - (-2)/(-8)?
0
Let k(d) = 2*d**3 - 3*d**2 - 5*d + 15. Let r be k(5). What is the hundreds digit of (40/(-6))/(815/r + -5)?
1
Let y be (-1*17)/((-30)/90). Suppose 5*z - 4*q - 205 = -y, 0 = -5*z + 3*q + 158. What is the tens digit of z?
3
Suppose 4*c - 5*u = 552, 22*c = 20*c - 5*u + 276. What is the hundreds digit of c?
1
Let k(z) = 1 + 0 + 0 + 11*z + 9*z. Suppose 0 = 6*p - 4*p + 5*d - 9, 0 = 3*p + 5*d - 11. What is the tens digit of k(p)?
4
Let z(w) = -w**3 - 5*w**2 + w - 9. Let m be z(-7). Let u = m - 41. What is the tens digit of u?
4
Let h(f) be the third derivative of -11*f**4/24 + 13*f**3/6 + 27*f**2. What is the tens digit of h(-11)?
3
Let g be 32*(-12)/18*(-6)/8. What is the hundreds digit of 8*(2196/g)/9?
1
What is the tens digit of 3*(-6 - -7) + (-922)/(-2)?
6
Let u(a) = 355*a**2 + 38*a + 107. What is the tens digit of u(-3)?
8
Let x = -7 + 8. Let p(r) = 1 - 2 + 0*r + r - x. What is the units digit of p(7)?
5
Let n(b) = b**2 + 10*b - 10. Let q be n(-13). Suppose q*c = 25*c + 420. What is the units digit of c?
5
Let k(z) = 18*z - 10. Let j be k(17). Suppose -4*p - 3*m + 188 = -2*p, 0 = 3*p + m - j. What is the tens digit of p?
0
Let k = 60 + -17. Let o = k - 39. What is the units digit of o?
4
Suppose 3*j + 2415 = 10*j. What is the units digit of j?
5
Let u be 12/(-9) + 8/6. What is the hundreds digit of 258/(6/3)*(u + 1)?
1
Let j be (-14 - -24)/(10/4). Let u be 11/4 + 2/8. Suppose j*w - 14 - 90 = 4*s, -48 = -2*w + u*s. What is the tens digit of w?
3
Let l be (-1 + 6)*(-1)/(-1). Suppose -3*b + 3*u + 231 = 2*u, -l*b + 5*u = -375. Suppose 2*x = -x + b. What is the tens digit of x?
2
Let i(p) = -2*p**2 + p + 131. Let w(g) = -g**2 - 1. Let o(x) = i(x) - 3*w(x). What is the tens digit of o(0)?
3
Suppose t - 12*t = -1892. What is the units digit of t?
2
Let n = -13 - -17. What is the tens digit of 4/(-16)*-49*n?
4
Suppose -2*v + 686 = 2*x, 2*x = v + v - 666. What is the units digit of v?
8
Let k = 321 + -515. What is the tens digit of k/(-4) - (5 + (-13)/2)?
5
Let x(l) = -13*l + 9. Let v be ((-2)/4)/(5/(-20)). Let b(z) = -781*z + 539. Let r(s) = v*b(s) - 121*x(s). What is the units digit of r(5)?
4
Suppose 0 = -5*n - 5*v + 18420, -3*v + 250 = n - 3432. What is the units digit of n?
5
Suppose 1079*b - 1086*b = -31164. What is the units digit of b?
2
Let j = -89 + 55. Let i be (0 + -2)*3*3. Let p = i - j. What is the units digit of p?
6
Let y(m) be the second derivative of 5*m**4/24 + 5*m**3/6 - 2*m**2 + 2*m. Let h(f) be the first derivative of y(f). What is the units digit of h(4)?
5
Suppose 36 = 38*g - 35*g. Suppose 16*h = g*h + 372. What is the tens digit of h?
9
Suppose 6*q = 12*q - 24. Suppose q*a - 86 = 14. What is the tens digit of a?
2
Let u(r) = r**3 + 1 - 4*r**2 + r + 8 - 19 + 8. What is the tens digit of u(6)?
7
Let x = -2 + -13. Let p be (-5)/(x/9) + -8. Let a(j) = 2*j**2 + 8*j + 3. What is the tens digit of a(p)?
1
Suppose 0 = 9*p - 57 + 75. Let c(r) = -3*r - 2*r**2 - 4*r**3 - r - 4 + r**2. What is the units digit of c(p)?
2
Suppose 2*p = k - 404, -3*k + p = -1660 + 438. What is the tens digit of k?
0
Suppose -s + 1 = 4. Let g = s + 7. What is the units digit of (-25)/(g/(-1 - 3))?
5
Let q = -11 - -17. What is the tens digit of -3 + q + (-228)/(-3)?
7
Let s = -1108 + 1540. What is the units digit of s?
2
Let p(z) = 85*z + 212. What is the units digit of p(19)?
7
Let m(j) = j**3 + 5*j**2 - 15*j + 1. Let r be m(-7). Suppose 0 = -r*f + 3*f + 125. What is the units digit of f?
5
Suppose 3*n + 11 = -4*b, -5*n + 2*n - 5*b = 16. Suppose 258 = n*h + 42. What is the units digit of h?
2
Suppose -5*o - 248 = 3*r, 0*o - 3*o + 6 = 0. What is the units digit of (-1 + 0)*(-2 + r)?
8
Suppose 0 = -3*b - 2*k - 12, -3*k = -5*b - 0 - 1. Let t be 2 + (-5 - b) + -1. What is the units digit of 324/48 + t/(-8)?
7
Let t(l) = 9*l**2 + l + 1. Let b be t(-1). Suppose -w = 3*m - 25 + 133, 5*w - 3*m + 558 = 0. What is the tens digit of (-2)/6 - w/b?
1
Let b be 18/30 + (-1197)/(-5). Suppose 0 = f - 5*f + b. What is the tens digit of f?
6
Suppose -2*o = 4*o + 666. Let l = o + 69. What is the units digit of (l/3 - -1)*-1?
3
Let h(u) = -2*u**3 + 2*u**2 + 2*u + 1. Let v be h(-1). What is the units digit of (-896)/(-12) - 2/v?
4
Let c be -1 + -1 + (0 - 11). Let r(v) = -3*v - 3. Let y be r(c). Let h = 94 - y. What is the tens digit of h?
5
Let f be 12/20 - 6/(-15). What is the units digit of (1/3)/((f/1)/147)?
9
Suppose s = -3*l + 3751, 2*l - 25*s = -29*s + 2514. What is the thousands digit of l?
1
Let t = -9 - -7. Let x be (12/(-30))/(t/30). What is the units digit of -2*(3 - 57/x)?
3
Let j be (32/(3 - 7))/2. What is the units digit of 1 + 62 + j - 2?
7
Let d(w) = 355*w + 1497. What is the units digit of d(9)?
2
Let b(j) = 5*j**3 - j**2 + 2*j - 1. Let d be b(1). Suppose 8*r = d*r. What is the units digit of (-1 + r)/(11/(-77))?
7
What is the tens digit of 6/4*((-4476)/(-18) - 16)?
4
Let y be (1 + 1)/(3/((-18)/(-3))). Suppose -o - 5*t + 45 = o, 0 = -y*o + 5*t + 165. What is the units digit of o?
5
Suppose 2*w - 4*w = 0. Suppose -3*a - 4*b = -279, -4*b - 166 = -w*a - 2*a. What is the units digit of a?
9
Suppose -h + s = -1, 7*h - 2*h - 4*s = 10. Suppose -a - h = -3*a. Suppose -4*k + 59 = -5*x, a*k - 14 - 22 = x. What is the tens digit of k?
1
Let c = 24 + -46. Let o be c/6 + 32/(-24). Let q = o - -31. What is the tens digit of q?
2
Let a(o) = 97*o**2 - 13*o + 11. What is the units digit of a(6)?
5
Let x = -407 + 705. What is the hundreds digit of x?
2
Let d(t) = t**3 + 35*t**2 - 136*t - 210. What is the units digit of d(-33)?
6
Let c = -297 + 1096. What is the hundreds digit of c?
7
Let r(k) = -44*k - 11. Let d be r(3). Let p = d - -249. What is the tens digit of p?
0
Let s(b) = -70*b - 127. What is the hundreds digit of s(-16)?
9
Let x = 65 + 200. Suppose -4*y - y = -x. What is the units digit of y?
3
What is the hundreds digit of (-2)/2 + 527 + 5?
5
Suppose 0 = -5*z + 2756 + 8104. What is the units digit of z?
2
Let w(c) = c**3 - 4*c**2 - 2*c + 1. Let k(y) = -y**2 - 1. Let m(q) = 3*k(q) - w(q). What is the units digit of m(-3)?
6
Suppose 65*j + 17872 = 73*j. What is the units digit of j?
4
Let n(m) be the first derivative of -m**3/3 - 3*m**2 - 9*m + 1. Let a be n(-8). Let c = a + 49. What is the tens digit of c?
2
Suppose -54*t + 65*t - 16038 = 0. What is the hundreds digit of t?
4
Let a = 14 - 6. Let t(d) = -2*d + 18. Let j be t(a). Suppose -u = -j*n - 16, 0 = 3*n - 12. What is the units digit of u?
4
Let f be -4 - (-146 + 3) - (1 - -1). Suppose -3*p - 4*z = -232, 2*p - 3*z - 29 = f. What is the units digit of p?
0
Let d = -4 + 4. Suppose -123 = -3*w - 3*q, -4*w - q + 2*q + 164 = d. What is the units digit of w?
1
Let l = -73 + 52. Let h be l/(-9) + 6/9. Suppose 6 = h*i, -17 - 8 = -a - 3*i. What is the units digit of a?
9
Suppose 2*b - 700 = -2*u, 2*u - 3*b - b = 688. Suppose 4*t + 3*p = u, 3*p - 100 = -t - p. What is the tens digit of t?
8
Let r = 11 + 120. What is the tens digit of r?
3
Let f(u) = -5*u - 3. Let b be ((-15)/(-10))/(1/4). Suppose -12 = -2*z + b*z. What is the tens digit of f(z)?
1
Let o be (6/(-5))/(2/(-130)). What is the units digit of o/5 + (-12)/20?
5
Let i(m) = 5*m + 6. Let y be i(3). Let r be 405/y + (-4)/14. What is the units digit of 1 - (r/(-1) - -1)?
9
Suppose -c + 3*a + 5674 = 0, 0 = c + 4*a - a - 5686. Let w be (-2)/(-3) - c/60. Let p = -40 - w. What is the tens digit of p?
5
Let a(s) = s**2 + 3*s + 2. Let z be a(-3). Suppose z*v = -3 - 19. What is the units digit of (-3 + 1 + 1)*v?
1
Suppose -923 + 75 = -k. What is the hundreds digit of k?
8
Suppose 10*c = 6*c + 272. What is the tens digit of c?
6
Let p be (-6)/(-10) - 176/10. Let v = 1 - p. What is the tens digit of v?
1
Let q be (-818)/(-16) - (21/(-24) + 1). Let o = -21 - -38. 